{"id":110219,"date":"2022-02-05T22:38:11","date_gmt":"2022-02-05T20:38:11","guid":{"rendered":"https:\/\/lossoldaditosdeplomo.com\/?page_id=110219"},"modified":"2022-02-17T10:57:45","modified_gmt":"2022-02-17T08:57:45","slug":"febrero-2022","status":"publish","type":"page","link":"https:\/\/lossoldaditosdeplomo.com\/index.php\/febrero-2022\/","title":{"rendered":"FEBRERO 2022"},"content":{"rendered":"\n<p>Comenzamos el mes con unos magn\u00edficos cat\u00e1logos a todo color aportados por J.Carlos Santiago Guinea.<\/p>\n\n\n\n<figure class=\"wp-block-image size-full\"><img loading=\"lazy\" decoding=\"async\" width=\"453\" height=\"652\" src=\"https:\/\/lossoldaditosdeplomo.com\/wp-content\/uploads\/2022\/02\/Miniaturas-escuadron.jpg\" alt=\"\" class=\"wp-image-110217\" srcset=\"https:\/\/lossoldaditosdeplomo.com\/wp-content\/uploads\/2022\/02\/Miniaturas-escuadron.jpg?v=1644093238 453w, https:\/\/lossoldaditosdeplomo.com\/wp-content\/uploads\/2022\/02\/Miniaturas-escuadron-208x300.jpg?v=1644093238 208w\" sizes=\"auto, (max-width: 453px) 85vw, 453px\" \/><figcaption><a href=\"https:\/\/lossoldaditosdeplomo.com\/wp-content\/uploads\/2022\/02\/miniaturas-escuadron_compressed.pdf\" data-type=\"URL\" data-id=\"https:\/\/lossoldaditosdeplomo.com\/wp-content\/uploads\/2022\/02\/miniaturas-escuadron_compressed.pdf\" target=\"_blank\" rel=\"noreferrer noopener\">Miniaturas Escuadr\u00f3n<\/a><\/figcaption><\/figure>\n\n\n\n<figure class=\"wp-block-image size-full is-resized\"><img decoding=\"async\" src=\"https:\/\/lossoldaditosdeplomo.com\/wp-content\/uploads\/2022\/02\/Le-Cimier-scaled.jpg\" alt=\"\" class=\"wp-image-110243\" width=\"453\" srcset=\"https:\/\/lossoldaditosdeplomo.com\/wp-content\/uploads\/2022\/02\/Le-Cimier-scaled.jpg?v=1644172182 554w, https:\/\/lossoldaditosdeplomo.com\/wp-content\/uploads\/2022\/02\/Le-Cimier-208x300.jpg?v=1644172182 208w\" sizes=\"(max-width: 554px) 85vw, 554px\" \/><figcaption><a href=\"https:\/\/lossoldaditosdeplomo.com\/wp-content\/uploads\/2022\/02\/Catalogo-Le-Cimier_compressed.pdf\" target=\"_blank\" rel=\"noreferrer noopener\">Cat\u00e1logo Le Cimier 1996<\/a><\/figcaption><\/figure>\n\n\n\n<figure class=\"wp-block-image size-full is-resized\"><img decoding=\"async\" src=\"https:\/\/lossoldaditosdeplomo.com\/wp-content\/uploads\/2022\/02\/Ulrich-Puchala.jpg\" alt=\"\" class=\"wp-image-110248\" width=\"453\"\/><figcaption><a href=\"https:\/\/lossoldaditosdeplomo.com\/wp-content\/uploads\/2022\/02\/Catalogo-Ulrich-Puchala_compressed.pdf\" target=\"_blank\" rel=\"noreferrer noopener\">Cat\u00e1logo Ulrich Puchala<\/a><\/figcaption><\/figure>\n\n\n\n<p><\/p>\n\n\n\n<p><\/p>\n\n\n\n<p>Estos d\u00edas hemos restaurado algunas figuras de la marca Valenciana &#8220;ALYMER&#8221;<\/p>\n\n\n\n<figure class=\"wp-block-gallery has-nested-images columns-default is-cropped wp-block-gallery-1 is-layout-flex wp-block-gallery-is-layout-flex\">\n<figure class=\"wp-block-image size-full\"><img loading=\"lazy\" decoding=\"async\" width=\"533\" height=\"800\" data-id=\"110177\" src=\"https:\/\/lossoldaditosdeplomo.com\/wp-content\/uploads\/2022\/02\/Zulu-indloudlo-1879-Alymer-refe-200-e-scaled.jpg?v=1643891132\" alt=\"Zulu indloudlo 1879\" class=\"wp-image-110177\" srcset=\"https:\/\/lossoldaditosdeplomo.com\/wp-content\/uploads\/2022\/02\/Zulu-indloudlo-1879-Alymer-refe-200-e-scaled.jpg?v=1643891132 533w, https:\/\/lossoldaditosdeplomo.com\/wp-content\/uploads\/2022\/02\/Zulu-indloudlo-1879-Alymer-refe-200-e-200x300.jpg?v=1643891132 200w, https:\/\/lossoldaditosdeplomo.com\/wp-content\/uploads\/2022\/02\/Zulu-indloudlo-1879-Alymer-refe-200-e-768x1152.jpg?v=1643891132 768w, https:\/\/lossoldaditosdeplomo.com\/wp-content\/uploads\/2022\/02\/Zulu-indloudlo-1879-Alymer-refe-200-e-1024x1536.jpg?v=1643891132 1024w, https:\/\/lossoldaditosdeplomo.com\/wp-content\/uploads\/2022\/02\/Zulu-indloudlo-1879-Alymer-refe-200-e-1365x2048.jpg?v=1643891132 1365w, https:\/\/lossoldaditosdeplomo.com\/wp-content\/uploads\/2022\/02\/Zulu-indloudlo-1879-Alymer-refe-200-e-1200x1800.jpg?v=1643891132 1200w\" sizes=\"auto, (max-width: 533px) 85vw, 533px\" \/><figcaption><a rel=\"noreferrer noopener\" href=\"http:\/\/Zulu indloudlo 1879\" target=\"_blank\">Z<\/a><a href=\"https:\/\/lossoldaditosdeplomo.com\/index.php\/catalog\/zulu-indloudlo-1879\/\" target=\"_blank\" rel=\"noreferrer noopener\">ulu indloudlo 1879<\/a><\/figcaption><\/figure>\n\n\n\n<figure class=\"wp-block-image size-full\"><img loading=\"lazy\" decoding=\"async\" width=\"533\" height=\"800\" data-id=\"110181\" src=\"https:\/\/lossoldaditosdeplomo.com\/wp-content\/uploads\/2022\/02\/Zulu-Uthulwana-1879-Alymer-2001-a-scaled.jpg?v=1643893138\" alt=\"Zulu Uthulwana 1879\" class=\"wp-image-110181\" srcset=\"https:\/\/lossoldaditosdeplomo.com\/wp-content\/uploads\/2022\/02\/Zulu-Uthulwana-1879-Alymer-2001-a-scaled.jpg?v=1643893138 533w, https:\/\/lossoldaditosdeplomo.com\/wp-content\/uploads\/2022\/02\/Zulu-Uthulwana-1879-Alymer-2001-a-200x300.jpg?v=1643893138 200w, https:\/\/lossoldaditosdeplomo.com\/wp-content\/uploads\/2022\/02\/Zulu-Uthulwana-1879-Alymer-2001-a-768x1152.jpg?v=1643893138 768w, https:\/\/lossoldaditosdeplomo.com\/wp-content\/uploads\/2022\/02\/Zulu-Uthulwana-1879-Alymer-2001-a-1024x1536.jpg?v=1643893138 1024w, https:\/\/lossoldaditosdeplomo.com\/wp-content\/uploads\/2022\/02\/Zulu-Uthulwana-1879-Alymer-2001-a-1365x2048.jpg?v=1643893138 1365w, https:\/\/lossoldaditosdeplomo.com\/wp-content\/uploads\/2022\/02\/Zulu-Uthulwana-1879-Alymer-2001-a-1200x1800.jpg?v=1643893138 1200w\" sizes=\"auto, (max-width: 533px) 85vw, 533px\" \/><figcaption><a href=\"https:\/\/lossoldaditosdeplomo.com\/index.php\/catalog\/zulu-uthulwana-1879\/\" target=\"_blank\" rel=\"noreferrer noopener\">Zulu Uthulwana 1879<\/a><\/figcaption><\/figure>\n<\/figure>\n\n\n\n<p><\/p>\n\n\n\n<h2 class=\"wp-block-heading\" id=\"visita-nuestro-taller\">Visita nuestro taller<\/h2>\n\n\n\n<p>En nuestro taller podreis ver como fabricar un Gabi\u00f3n con materiales que todos tenemos por casa.<\/p>\n\n\n\n<p><a href=\"https:\/\/lossoldaditosdeplomo.com\/index.php\/el-taller\/3\/\" target=\"_blank\" rel=\"noreferrer noopener\">https:\/\/lossoldaditosdeplomo.com\/index.php\/el-taller\/3\/<\/a><\/p>\n\n\n\n<p><\/p>\n","protected":false},"excerpt":{"rendered":"<p>Comenzamos el mes con unos magn\u00edficos cat\u00e1logos a todo color aportados por J.Carlos Santiago Guinea. Estos d\u00edas hemos restaurado algunas figuras de la marca Valenciana &#8220;ALYMER&#8221; Visita nuestro taller En nuestro taller podreis ver como fabricar un Gabi\u00f3n con materiales que todos tenemos por casa. https:\/\/lossoldaditosdeplomo.com\/index.php\/el-taller\/3\/<\/p>\n","protected":false},"author":3,"featured_media":0,"parent":0,"menu_order":0,"comment_status":"closed","ping_status":"closed","template":"","meta":{"footnotes":""},"class_list":["post-110219","page","type-page","status-publish","hentry"],"yoast_head":"<!-- This site is optimized with the Yoast SEO plugin v27.0 - https:\/\/yoast.com\/product\/yoast-seo-wordpress\/ -->\n<title>FEBRERO 2022 - El mundo de los soldaditos de plomo<\/title>\n<meta name=\"robots\" content=\"index, follow, max-snippet:-1, max-image-preview:large, max-video-preview:-1\" \/>\n<link rel=\"canonical\" href=\"https:\/\/lossoldaditosdeplomo.com\/index.php\/febrero-2022\/\" \/>\n<meta property=\"og:locale\" content=\"es_ES\" \/>\n<meta property=\"og:type\" content=\"article\" \/>\n<meta property=\"og:title\" content=\"FEBRERO 2022 - El mundo de los soldaditos de plomo\" \/>\n<meta property=\"og:description\" content=\"Comenzamos el mes con unos magn\u00edficos cat\u00e1logos a todo color aportados por J.Carlos Santiago Guinea. Estos d\u00edas hemos restaurado algunas figuras de la marca Valenciana &#8220;ALYMER&#8221; Visita nuestro taller En nuestro taller podreis ver como fabricar un Gabi\u00f3n con materiales que todos tenemos por casa. https:\/\/lossoldaditosdeplomo.com\/index.php\/el-taller\/3\/\" \/>\n<meta property=\"og:url\" content=\"https:\/\/lossoldaditosdeplomo.com\/index.php\/febrero-2022\/\" \/>\n<meta property=\"og:site_name\" content=\"El mundo de los soldaditos de plomo\" \/>\n<meta property=\"article:publisher\" content=\"https:\/\/www.facebook.com\/El-mundo-de-los-soldaditos-de-plomo-943145209407047\/?modal=admin_todo_tour\" \/>\n<meta property=\"article:modified_time\" content=\"2022-02-17T08:57:45+00:00\" \/>\n<meta property=\"og:image\" content=\"https:\/\/lossoldaditosdeplomo.com\/wp-content\/uploads\/2022\/02\/Miniaturas-escuadron.jpg\" \/>\n<meta name=\"twitter:card\" content=\"summary_large_image\" \/>\n<script type=\"application\/ld+json\" class=\"yoast-schema-graph\">{\"@context\":\"https:\/\/schema.org\",\"@graph\":[{\"@type\":\"WebPage\",\"@id\":\"https:\/\/lossoldaditosdeplomo.com\/index.php\/febrero-2022\/\",\"url\":\"https:\/\/lossoldaditosdeplomo.com\/index.php\/febrero-2022\/\",\"name\":\"FEBRERO 2022 - El mundo de los soldaditos de plomo\",\"isPartOf\":{\"@id\":\"https:\/\/lossoldaditosdeplomo.com\/#website\"},\"primaryImageOfPage\":{\"@id\":\"https:\/\/lossoldaditosdeplomo.com\/index.php\/febrero-2022\/#primaryimage\"},\"image\":{\"@id\":\"https:\/\/lossoldaditosdeplomo.com\/index.php\/febrero-2022\/#primaryimage\"},\"thumbnailUrl\":\"https:\/\/lossoldaditosdeplomo.com\/wp-content\/uploads\/2022\/02\/Miniaturas-escuadron.jpg\",\"datePublished\":\"2022-02-05T20:38:11+00:00\",\"dateModified\":\"2022-02-17T08:57:45+00:00\",\"breadcrumb\":{\"@id\":\"https:\/\/lossoldaditosdeplomo.com\/index.php\/febrero-2022\/#breadcrumb\"},\"inLanguage\":\"es\",\"potentialAction\":[{\"@type\":\"ReadAction\",\"target\":[\"https:\/\/lossoldaditosdeplomo.com\/index.php\/febrero-2022\/\"]}]},{\"@type\":\"ImageObject\",\"inLanguage\":\"es\",\"@id\":\"https:\/\/lossoldaditosdeplomo.com\/index.php\/febrero-2022\/#primaryimage\",\"url\":\"https:\/\/lossoldaditosdeplomo.com\/wp-content\/uploads\/2022\/02\/Miniaturas-escuadron.jpg?v=1644093238\",\"contentUrl\":\"https:\/\/lossoldaditosdeplomo.com\/wp-content\/uploads\/2022\/02\/Miniaturas-escuadron.jpg?v=1644093238\",\"width\":453,\"height\":652},{\"@type\":\"BreadcrumbList\",\"@id\":\"https:\/\/lossoldaditosdeplomo.com\/index.php\/febrero-2022\/#breadcrumb\",\"itemListElement\":[{\"@type\":\"ListItem\",\"position\":1,\"name\":\"Portada\",\"item\":\"https:\/\/lossoldaditosdeplomo.com\/\"},{\"@type\":\"ListItem\",\"position\":2,\"name\":\"FEBRERO 2022\"}]},{\"@type\":\"WebSite\",\"@id\":\"https:\/\/lossoldaditosdeplomo.com\/#website\",\"url\":\"https:\/\/lossoldaditosdeplomo.com\/\",\"name\":\"El mundo de los soldaditos de plomo\",\"description\":\"coleccionismo, pintura y restauraci\u00f3n soldaditos de plomo\",\"publisher\":{\"@id\":\"https:\/\/lossoldaditosdeplomo.com\/#organization\"},\"alternateName\":\"los soldaditos de plomo\",\"potentialAction\":[{\"@type\":\"SearchAction\",\"target\":{\"@type\":\"EntryPoint\",\"urlTemplate\":\"https:\/\/lossoldaditosdeplomo.com\/?s={search_term_string}\"},\"query-input\":{\"@type\":\"PropertyValueSpecification\",\"valueRequired\":true,\"valueName\":\"search_term_string\"}}],\"inLanguage\":\"es\"},{\"@type\":\"Organization\",\"@id\":\"https:\/\/lossoldaditosdeplomo.com\/#organization\",\"name\":\"El Mundo de los soldaditos de plomo\",\"alternateName\":\"los soldaditos de plomo\",\"url\":\"https:\/\/lossoldaditosdeplomo.com\/\",\"logo\":{\"@type\":\"ImageObject\",\"inLanguage\":\"es\",\"@id\":\"https:\/\/lossoldaditosdeplomo.com\/#\/schema\/logo\/image\/\",\"url\":\"https:\/\/lossoldaditosdeplomo.com\/wp-content\/uploads\/2018\/11\/cropped-IMG_0475-3.jpg\",\"contentUrl\":\"https:\/\/lossoldaditosdeplomo.com\/wp-content\/uploads\/2018\/11\/cropped-IMG_0475-3.jpg\",\"width\":391,\"height\":533,\"caption\":\"El Mundo de los soldaditos de plomo\"},\"image\":{\"@id\":\"https:\/\/lossoldaditosdeplomo.com\/#\/schema\/logo\/image\/\"},\"sameAs\":[\"https:\/\/www.facebook.com\/El-mundo-de-los-soldaditos-de-plomo-943145209407047\/?modal=admin_todo_tour\"]}]}<\/script>\n<!-- \/ Yoast SEO plugin. -->","yoast_head_json":{"title":"FEBRERO 2022 - El mundo de los soldaditos de plomo","robots":{"index":"index","follow":"follow","max-snippet":"max-snippet:-1","max-image-preview":"max-image-preview:large","max-video-preview":"max-video-preview:-1"},"canonical":"https:\/\/lossoldaditosdeplomo.com\/index.php\/febrero-2022\/","og_locale":"es_ES","og_type":"article","og_title":"FEBRERO 2022 - El mundo de los soldaditos de plomo","og_description":"Comenzamos el mes con unos magn\u00edficos cat\u00e1logos a todo color aportados por J.Carlos Santiago Guinea. Estos d\u00edas hemos restaurado algunas figuras de la marca Valenciana &#8220;ALYMER&#8221; Visita nuestro taller En nuestro taller podreis ver como fabricar un Gabi\u00f3n con materiales que todos tenemos por casa. https:\/\/lossoldaditosdeplomo.com\/index.php\/el-taller\/3\/","og_url":"https:\/\/lossoldaditosdeplomo.com\/index.php\/febrero-2022\/","og_site_name":"El mundo de los soldaditos de plomo","article_publisher":"https:\/\/www.facebook.com\/El-mundo-de-los-soldaditos-de-plomo-943145209407047\/?modal=admin_todo_tour","article_modified_time":"2022-02-17T08:57:45+00:00","og_image":[{"url":"https:\/\/lossoldaditosdeplomo.com\/wp-content\/uploads\/2022\/02\/Miniaturas-escuadron.jpg","type":"","width":"","height":""}],"twitter_card":"summary_large_image","schema":{"@context":"https:\/\/schema.org","@graph":[{"@type":"WebPage","@id":"https:\/\/lossoldaditosdeplomo.com\/index.php\/febrero-2022\/","url":"https:\/\/lossoldaditosdeplomo.com\/index.php\/febrero-2022\/","name":"FEBRERO 2022 - El mundo de los soldaditos de plomo","isPartOf":{"@id":"https:\/\/lossoldaditosdeplomo.com\/#website"},"primaryImageOfPage":{"@id":"https:\/\/lossoldaditosdeplomo.com\/index.php\/febrero-2022\/#primaryimage"},"image":{"@id":"https:\/\/lossoldaditosdeplomo.com\/index.php\/febrero-2022\/#primaryimage"},"thumbnailUrl":"https:\/\/lossoldaditosdeplomo.com\/wp-content\/uploads\/2022\/02\/Miniaturas-escuadron.jpg","datePublished":"2022-02-05T20:38:11+00:00","dateModified":"2022-02-17T08:57:45+00:00","breadcrumb":{"@id":"https:\/\/lossoldaditosdeplomo.com\/index.php\/febrero-2022\/#breadcrumb"},"inLanguage":"es","potentialAction":[{"@type":"ReadAction","target":["https:\/\/lossoldaditosdeplomo.com\/index.php\/febrero-2022\/"]}]},{"@type":"ImageObject","inLanguage":"es","@id":"https:\/\/lossoldaditosdeplomo.com\/index.php\/febrero-2022\/#primaryimage","url":"https:\/\/lossoldaditosdeplomo.com\/wp-content\/uploads\/2022\/02\/Miniaturas-escuadron.jpg?v=1644093238","contentUrl":"https:\/\/lossoldaditosdeplomo.com\/wp-content\/uploads\/2022\/02\/Miniaturas-escuadron.jpg?v=1644093238","width":453,"height":652},{"@type":"BreadcrumbList","@id":"https:\/\/lossoldaditosdeplomo.com\/index.php\/febrero-2022\/#breadcrumb","itemListElement":[{"@type":"ListItem","position":1,"name":"Portada","item":"https:\/\/lossoldaditosdeplomo.com\/"},{"@type":"ListItem","position":2,"name":"FEBRERO 2022"}]},{"@type":"WebSite","@id":"https:\/\/lossoldaditosdeplomo.com\/#website","url":"https:\/\/lossoldaditosdeplomo.com\/","name":"El mundo de los soldaditos de plomo","description":"coleccionismo, pintura y restauraci\u00f3n soldaditos de plomo","publisher":{"@id":"https:\/\/lossoldaditosdeplomo.com\/#organization"},"alternateName":"los soldaditos de plomo","potentialAction":[{"@type":"SearchAction","target":{"@type":"EntryPoint","urlTemplate":"https:\/\/lossoldaditosdeplomo.com\/?s={search_term_string}"},"query-input":{"@type":"PropertyValueSpecification","valueRequired":true,"valueName":"search_term_string"}}],"inLanguage":"es"},{"@type":"Organization","@id":"https:\/\/lossoldaditosdeplomo.com\/#organization","name":"El Mundo de los soldaditos de plomo","alternateName":"los soldaditos de plomo","url":"https:\/\/lossoldaditosdeplomo.com\/","logo":{"@type":"ImageObject","inLanguage":"es","@id":"https:\/\/lossoldaditosdeplomo.com\/#\/schema\/logo\/image\/","url":"https:\/\/lossoldaditosdeplomo.com\/wp-content\/uploads\/2018\/11\/cropped-IMG_0475-3.jpg","contentUrl":"https:\/\/lossoldaditosdeplomo.com\/wp-content\/uploads\/2018\/11\/cropped-IMG_0475-3.jpg","width":391,"height":533,"caption":"El Mundo de los soldaditos de plomo"},"image":{"@id":"https:\/\/lossoldaditosdeplomo.com\/#\/schema\/logo\/image\/"},"sameAs":["https:\/\/www.facebook.com\/El-mundo-de-los-soldaditos-de-plomo-943145209407047\/?modal=admin_todo_tour"]}]}},"_links":{"self":[{"href":"https:\/\/lossoldaditosdeplomo.com\/index.php\/wp-json\/wp\/v2\/pages\/110219","targetHints":{"allow":["GET"]}}],"collection":[{"href":"https:\/\/lossoldaditosdeplomo.com\/index.php\/wp-json\/wp\/v2\/pages"}],"about":[{"href":"https:\/\/lossoldaditosdeplomo.com\/index.php\/wp-json\/wp\/v2\/types\/page"}],"author":[{"embeddable":true,"href":"https:\/\/lossoldaditosdeplomo.com\/index.php\/wp-json\/wp\/v2\/users\/3"}],"replies":[{"embeddable":true,"href":"https:\/\/lossoldaditosdeplomo.com\/index.php\/wp-json\/wp\/v2\/comments?post=110219"}],"version-history":[{"count":0,"href":"https:\/\/lossoldaditosdeplomo.com\/index.php\/wp-json\/wp\/v2\/pages\/110219\/revisions"}],"wp:attachment":[{"href":"https:\/\/lossoldaditosdeplomo.com\/index.php\/wp-json\/wp\/v2\/media?parent=110219"}],"curies":[{"name":"wp","href":"https:\/\/api.w.org\/{rel}","templated":true}]}}